 common factor of 18 and b.
18
Let l(k) = -k**2 + 4*k + 66. Let m(h) = -4*h**2 + 15*h + 263. Let w(j) = -9*l(j) + 2*m(j). Let r be w(15). Calculate the highest common factor of r and 536.
67
Let i(o) = o**3 + 2*o**2 + 4*o - 17. Let a be i(2). Let q = 5 + -5. Suppose -p + a*p - 12 = q. Calculate the highest common divisor of 26 and p.
2
Let m(n) = 4*n**2 - 6*n - 1. Let g be m(7). Let l = g + -10. Let b(x) = -x**2 - 15*x - 23. Let r be b(-12). What is the highest common factor of l and r?
13
Let x = 586 - 406. Let w(r) = 4*r - r + r. Let u be w(5). What is the highest common factor of u and x?
20
Let l = 2 - 0. Let k = 5987 - 5935. Suppose -39 = -2*u - 3*i, u - 2*i - k = -l*u. What is the greatest common factor of 198 and u?
18
Let q be (84 - (-9 - -31))*(2 - 1). Let h = -21 + 83. Calculate the highest common factor of h and q.
62
Suppose -y = 0, -3 = -5*w - 8*y + 7. Suppose 0 = 5*c + x - 133, -4*c + 179 - 66 = 3*x. Let h = c + -15. What is the greatest common divisor of h and w?
1
Let u = 84172 + -84144. Let o(b) = 10*b. Let m be o(4). Suppose h = -4*h + m. Calculate the highest common divisor of h and u.
4
Let a(l) be the third derivative of -l**4/12 - l**3/2 + 18*l**2. Let z be a(-3). Let b be 1/3 + 2 + 338/z. Calculate the highest common factor of 46 and b.
23
Suppose 3*g - 18 = 5*l - 2*l, 5*l - g = -18. Let h be 6/2 + (228/l - -2). Let m = 217 - h. Calculate the highest common factor of m and 32.
32
Suppose 8*f + 7*n - 57 = 4*f, 2*f + 5*n = 39. Calculate the greatest common divisor of f and 691.
1
Suppose 0 = 3*y + 3 + 33. Let s(n) = -4*n + 2. Let l be s(y). Let h(w) = -5*w. Let a be h(-4). What is the highest common factor of l and a?
10
Let l = -2776 + 2836. What is the greatest common factor of 36 and l?
12
Suppose -5*p - 3*d + 20 = -36, 2*p = -d + 23. Let t be (-7)/(-2)*p - (-21)/14. Suppose 40 = -t*o + 52*o. What is the greatest common divisor of 1 and o?
1
Let h be 0 + 2 - (1 + -32). Suppose 0 = -3*u + 4*u - h. Let p = -252194 - -252458. Calculate the highest common factor of p and u.
33
Suppose 6*z + 934 - 928 = 0. Let l be (z/(-2))/((-790)/(-780) - 1). Calculate the greatest common divisor of 130 and l.
13
Suppose b - t = -4*t + 591, 2*t = b - 606. Suppose 4*c = c + b. Let i be (-198)/(-8) + (6/(-8))/(-3). What is the greatest common factor of i and c?
25
Suppose 96*u - 968872 = -63208. Calculate the highest common divisor of 106 and u.
106
Let u = 137 + -139. Let s be (288/(-3))/u*1. Let v = 175 + -95. Calculate the greatest common divisor of v and s.
16
Let j(t) = 12*t**2 + 67*t + 51. Let l be j(-5). What is the greatest common factor of 620 and l?
4
Suppose 15*m = 16*m - 8. Suppose 770 = 4*o + m*x - 9*x, 0 = 2*o - 3*x - 390. What is the highest common factor of 240 and o?
48
Suppose -5*c = o - 3*o + 47, 4*c + 12 = 0. Let t be (-2)/(o/(-342))*432/162. What is the highest common divisor of t and 38?
38
Suppose -5 - 171 = 11*s. Let c(q) = 2*q**2 + 31*q + 24. Let b be c(s). What is the highest common divisor of b and 180?
20
Suppose 69051 = 339*a - 438093. What is the greatest common divisor of a and 476?
68
Let m be (-2)/(-7) + 20/28. Let w be (m/(-4))/(3/(-36)). Suppose -v = 3*v + 16, -h + w*v = -18. What is the highest common factor of h and 3?
3
Let t = -239 - -248. Let b(q) = -q**3 + 14*q**2 - 14*q + 26. Let u be b(12). Let n = -74 + u. What is the highest common factor of t and n?
9
Let g(y) = -y**2 - 6*y + 3. Let z be g(-3). Suppose 0 = -6*d - z*d + 936. Calculate the greatest common divisor of d and 130.
26
Suppose -102*h - 18720 = -186*h - 96*h. What is the highest common divisor of h and 468?
52
Suppose 4 = -h + 8. Let s be 2 + -1 + 33 + h. Suppose 35*q = s*q - 297. What is the highest common factor of 11 and q?
11
Let y(l) = 28*l - 8. Let d be y(4). Let r be -1 + -12 + 1 - (1 - -2). Let s = d - r. What is the highest common factor of 7 and s?
7
Let r = -8113 + 9100. Calculate the greatest common divisor of 21 and r.
21
Suppose -v + 57 = 3*z, -243 = -11*v + 7*v + 3*z. Calculate the greatest common factor of v and 57.
3
Let g(t) = -t**3 - 15*t**2 - 43*t - 54. Let r be g(-14). Calculate the greatest common divisor of 99 and r.
11
Let y = 210 - 138. Let v be (-10)/(-2) + (-5)/(15/(-9)). Let h be (8/6)/(v/(-12))*-4. Calculate the highest common factor of y and h.
8
Suppose 1150 = -3*r - j, -17*j + 22*j - 25 = 0. Let i = -145 - r. Calculate the greatest common factor of i and 10.
10
Suppose -b = -4*h + 3*b + 28, -5*h - b + 17 = 0. Suppose -2*w = h*g - 14, -g - 4*w + 7*w = 0. What is the greatest common factor of 6 and g?
3
Let t be (-2)/(0 + 2)*(6 - 6). Suppose t = 2*z - 4*z + 2, 5*c - 252 = 3*z. Suppose 2*s = -s + 51. What is the highest common divisor of c and s?
17
Let j(m) = -154*m + 9. Let b be j(-8). Let d = 258 + -241. What is the greatest common factor of b and d?
17
Let c = 4537 - 3799. What is the greatest common factor of c and 36?
18
Let c be (-4543)/(-55) + 3/(-5) + -7. Calculate the highest common factor of 735 and c.
15
Let i = 206 - 201. Let r be ((-280)/(-25))/(16/i + -3). Suppose 2*g - 6*f + 2*f - 16 = 0, -3*g + 24 = 3*f. Calculate the greatest common divisor of r and g.
8
Let y(l) = l**3 + 9*l**2 - 13*l - 6. Let z = -1 + 3. Suppose -2*c = -6, -z*h = -5*h - 4*c - 18. Let r be y(h). What is the greatest common divisor of 48 and r?
24
Let z(w) = 176*w**2 + 37*w - 38. Let n be z(1). Suppose r = 4*r - 75. What is the greatest common factor of r and n?
25
Let r(c) = 33*c**2 - 412*c + 4. Let h be r(-4). What is the highest common divisor of h and 80?
20
Let b = 6523 - 6408. Calculate the highest common divisor of 62905 and b.
115
Suppose -6*o + 8*o + 216 = 2*w, 0 = -o - 5*w - 114. Let d = -94 - o. Calculate the greatest common divisor of d and 165.
15
Suppose -2*s + 3*n - 2*n + 109 = 0, -2*n + 2 = 0. Suppose 3*d + 7 = s. What is the highest common factor of 4 and d?
4
Suppose 135*w + 142*w + 81*w - 299646 = 0. Calculate the greatest common factor of w and 589.
31
Suppose -f - 2*f - 4*q = 217, -5*q = -5*f - 420. Let u = -46 - f. Suppose 0 = -6*h - 31*h + 2442. What is the greatest common factor of u and h?
33
Let x(a) = 23*a**2 - a - 1. Let l be x(-3). Suppose -3*h + 33 = -2*i, 4*h - 55 = -h + 4*i. What is the greatest common factor of l and h?
11
Let r(w) = 2*w + 12. Suppose 4*m = m + 45. Suppose -i - 9 = 2*i + 3*g, -5*g - m = -2*i. Let n be r(i). What is the highest common divisor of 8 and n?
4
Let j(w) = 529*w + 844. Let o be j(-1). What is the highest common factor of o and 405?
45
Suppose 83459*b = 83482*b - 2645. Calculate the greatest common factor of b and 253.
23
Let d be (1859/231 - 10/(-35))/((-1)/(-3)). Calculate the highest common factor of d and 8725.
25
Suppose 3*g = -2*d + 5004, 0 = 3*g - d - 5792 + 806. Calculate the highest common factor of g and 13.
13
Suppose -7*f - 3*f = -11438 - 38332. Calculate the highest common divisor of 189 and f.
63
Let n = 13393 + -13252. Calculate the greatest common factor of 16215 and n.
141
Suppose 3*h - 15 = 0, 2*k - 4*k + 76 = 4*h. Suppose -4*g + 42 = r, 5*g = -2*r + 6*r - 168. Let f = -35 + r. What is the highest common divisor of k and f?
7
Let w be ((-3)/(-9))/(-13 - (-3186)/243). Let b be 1/3 + (-240)/(-9). What is the greatest common divisor of b and w?
3
Let n(i) = -5*i**3 - 3*i**2 - 3*i + 5. Let d be 54/(-27) - (1 - (-4 + 2)). Let h be n(d). Calculate the highest common factor of 19 and h.
19
Suppose 0 = 3*y + 158*y - 506184. What is the highest common divisor of 48 and y?
24
Let p(u) = u**3 + 17*u**2 - 120*u. Let j be p(-27). Let a be ((j/72)/((-1)/(-4)))/(-1). What is the highest common divisor of 30 and a?
15
Let v be (3/(-2) - 1)*-22. Let d = -3282 - -3777. Calculate the highest common factor of d and v.
55
Suppose 135 = m - 5*x, -2*m = m + x - 485. What is the highest common factor of 4 and m?
4
Let l be 132/(-1)*9/(-4). Let n be 195*8/(-48)*4. Let b = n + 157. Calculate the highest common factor of l and b.
27
Let b = 2723 + -2714. What is the greatest common divisor of 114 and b?
3
Suppose 5*z - 5*b - 385 = 0, -2*z = -b - 121 - 36. Suppose -200 = -g - 3*g. Calculate the greatest common factor of g and z.
10
Let i(k) = -k**3 - 4*k**2 + 3*k - 5. Let a be i(-5). Let o(l) = -2*l**2 + 11*l + 3. Let w be o(a). What is the highest common divisor of w and 